 are the prime factors of j(-44)?
11, 67
Suppose 0 = -5*u - 5, 0*v + 2*u = -3*v - 32. Let z = v - -62. Suppose -z = -2*w - 2*a, -77 = -5*w + 2*a + 81. List the prime factors of w.
2, 3, 5
Let j be (88/6)/((-8)/(-6)). Suppose 34*p - 21666 = j*p. What are the prime factors of p?
2, 3, 157
Let b(m) be the first derivative of -57*m**2/2 + 3*m - 185. What are the prime factors of b(-4)?
3, 7, 11
Suppose -2*w - 3*a + 0*a + 7 = 0, -4*w = -5*a - 3. Let g be w + (-6)/2*1*-95. Suppose -12*v + g = -2005. What are the prime factors of v?
191
Suppose 2*q = -3*a + 230655 - 8517, -5*a + 370230 = -5*q. What are the prime factors of a?
2, 3, 7, 41, 43
Let j be (-45)/36 - 4946/(-8). Let b = 881 - j. What are the prime factors of b?
2, 3, 11
Suppose y = 3, 4*i - 2*i + 2*y = 1428. Let u = i - 461. List the prime factors of u.
2, 5
Let f be (-4*(-2)/16)/(2/(-1292)). Let h = f + 728. Suppose -3*r = -5*k - 243, 3*r = -2*r + k + h. What are the prime factors of r?
3
Let h be ((-20)/8)/(12/(-24)). What are the prime factors of h*(-5)/(-50)*1788?
2, 3, 149
Let t = 433 - 308. Suppose 0 = 4*i + 4*p - 176, -t*i = -128*i + 5*p + 172. What are the prime factors of i?
7
Let n(a) = -4*a**3 + 22*a**2 + 38*a + 17. Let s(x) = 5*x**3 - 21*x**2 - 40*x - 16. Let y(r) = -6*n(r) - 5*s(r). List the prime factors of y(-26).
2, 3, 5
List the prime factors of 135/(-5)*(7/(84/8552))/(-2).
3, 1069
Suppose 4 + 16 = -4*j. Let y(w) be the third derivative of -w**6/120 - w**5/15 + w**4/6 - w**3/3 + w**2 + 22. List the prime factors of y(j).
3
Suppose 2*v = 4 + 8. Suppose 447 = v*q - 27. List the prime factors of q.
79
Suppose -2*l - 18058 = -5*i, -5*i - 5*l + 10900 + 7165 = 0. What are the prime factors of i?
2, 3, 7, 43
Suppose -21*g = -22*g + 75. Suppose g = 2*f + 5*r, -f + 8*r = 9*r - 42. What are the prime factors of f?
3, 5
Let m(h) = -40*h + 2267. What are the prime factors of m(-68)?
4987
Suppose 4*l - l - 19 = -2*q, 4*l - 22 = -q. Suppose 0 = -q*f - 5*x + 1068, -5*f = 4*x - 591 - 2062. What are the prime factors of f?
23
Let v = -17639 + 28060. List the prime factors of v.
17, 613
Let w(m) = 259*m**2 - 43*m - 283. List the prime factors of w(-9).
29, 727
Suppose 4*h - 5*h + 4*y + 22 = 0, 0 = 2*h - 2*y - 32. Suppose 3*w + h = 10*w. What are the prime factors of w?
2
Suppose 0 = -42*y + 45*y - 24. Let i(s) = 2*s**2 - 6*s + 0*s**2 + 34 + s**2. What are the prime factors of i(y)?
2, 89
Let d(b) = 20256*b + 555. What are the prime factors of d(2)?
3, 13
Suppose 9*m + 36960 = 17*m. Suppose -265*h - m = -270*h. What are the prime factors of h?
2, 3, 7, 11
Suppose -5*v - 2*s + 25 = 0, -20 = -v - 3*v - 4*s. Let p be (3 + -1)*32/(-1 + v). Suppose -2*c + 14 = f, -3*c + p = 4*f - 0. List the prime factors of c.
2
Suppose 5*x = -5*o + 11415, 16*o - 3*x = 20*o - 9126. What are the prime factors of o?
3, 11, 23
Let a = 414 + -408. Let i(r) = 9*r**2 - 12*r + 16. What are the prime factors of i(a)?
2, 67
What are the prime factors of ((-135)/18)/1*(-2454)/9?
5, 409
Let q = -6 + 20. Let l = -45 + q. Let v = 57 + l. List the prime factors of v.
2, 13
Let h(j) = -j**2 - 22*j + 15. Let c be h(-16). Let v = 179 - c. What are the prime factors of v?
2, 17
What are the prime factors of (-6 - (-13)/((-637)/(-504)))/((-2)/(-966))?
2, 3, 5, 23
Let i be 21/14*1*152/(-12). Let r(n) = -n**3 - 17*n**2 + 4*n + 81. What are the prime factors of r(i)?
727
Let y = -11203 + 56712. List the prime factors of y.
17, 2677
List the prime factors of 5721 + (-1)/(-1) + -15 + 12.
7, 19, 43
Let x(m) = 83*m. Suppose 3*k + 2*q - 87 = 0, -4*k + q = -3*q - 96. Suppose 5 = -11*u + k. What are the prime factors of x(u)?
2, 83
Let a(j) = j**3 + j**2 + j + 5. Let q be a(0). Suppose 0*x - 3*i - 181 = -x, -q*i - 173 = -x. List the prime factors of x.
193
Let r be ((-681)/(-12))/(451/88 - 5). Suppose 450*h + 5664 = r*h. What are the prime factors of h?
2, 3, 59
Let s be (1 - 17)/(((-80)/2916)/10). Suppose 11*r - s - 328 = 0. What are the prime factors of r?
2, 5, 7
Let d(h) = -2*h**2 - h + 29. Let v be d(-7). Let n = -58 - v. What are the prime factors of -1 + n/2 + (16 - 1)?
2
Suppose -4*y + 147 = 207. Let u(l) = -16*l + 276. List the prime factors of u(y).
2, 3, 43
Let i = -817 - 267. Let c be (-18)/(-6)*5/((-30)/i). Suppose -3 = 3*g - 2*g, -4*o - 2*g + c = 0. List the prime factors of o.
137
Suppose -o = 5, -336 = -5*y - 5*o + 419. Suppose 82 = 2*x - y. What are the prime factors of x?
7, 17
Suppose -63*t + 3*r = -68*t + 3124, 5*t - 3130 = -5*r. Let a = t - 408. List the prime factors of a.
5, 43
Suppose -21*q - 5*q + 728 = 0. List the prime factors of 318 - (-5 + q/7).
11, 29
Let x = 50925 + -20542. List the prime factors of x.
23, 1321
Suppose -60 = p - 5*p. Suppose p*u = 18*u - 51. Let j = 99 - u. List the prime factors of j.
2, 41
Let s(o) = -3*o**3 - 177*o**2 - 72*o - 194. List the prime factors of s(-59).
2, 2027
Suppose -6*o = 2306 - 194. Let u = o + 729. What are the prime factors of u?
13, 29
Suppose 245*l - 243*l - 100 = 0. Suppose j - 27 = 2*o + l, 2*o = -2*j + 154. What are the prime factors of j?
7, 11
Let l = -2844 - -33540. What are the prime factors of l?
2, 3, 1279
Suppose -57 = -2*v - 5*h, -2*v - v + 3*h = -75. List the prime factors of (-13 + 481/v)*(34 - 0).
11, 17
Let b(g) = -2 + 3 + 4*g**2 + 7 + 17*g. Let i be (3 + -1)*(-42)/12. List the prime factors of b(i).
5, 17
Suppose -12 = 4*b, 6*b - b = v - 23. Suppose w + v - 32 = 0. Let a = w + 0. List the prime factors of a.
2, 3
Let m(q) = -q**2 + 6*q + 6. Let a be m(6). Suppose -4*t = 2 + a. What are the prime factors of (42/9)/(t + 92/45)?
3, 5, 7
Suppose -5730 = -b - 4*p, -12 = -32*p + 30*p. What are the prime factors of b?
2, 3, 317
Suppose 0 = -g + 115 + 112. Suppose -3*s = -a + g, 1343 = 5*a - 4*s + 219. List the prime factors of a.
2, 7
Let b(c) = -c**3 + 6*c**2 - 19*c - 5. Let f be b(7). Let n = -92 - f. What are the prime factors of n?
5, 19
Let z(k) = k**2 - 7*k - 18. Let y be z(10). What are the prime factors of 18/(-2)*(-948)/y*1?
3, 79
What are the prime factors of (18 - 544/(-12))/((-4)/(-798))?
5, 7, 19
Suppose 0 = -6*w + 2*t + 109380, -25409 = -2*w - t + 11061. What are the prime factors of w?
2, 43, 53
Suppose -9*w + 2*h + 22890 = 0, -w = 5*h - 2138 - 374. What are the prime factors of w?
2, 31, 41
Let b be ((-8)/((-240)/(-18)))/(1/(-5)). Suppose -b*m = -4*l + m + 3072, 0 = l - 2*m - 767. List the prime factors of l.
769
Suppose 6*s - 4 = 110. Let q(r) = 89*r - 43*r + 11 - 45*r + 54. List the prime factors of q(s).
2, 3, 7
Let z = 44 - 40. Let r(v) = -232*v**2 + 2 - z*v + 15 + 233*v**2. List the prime factors of r(-5).
2, 31
Let o = -5350 - -6945. What are the prime factors of o?
5, 11, 29
Let p = 690 - 405. Suppose -3*g + p + 2136 = 0. What are the prime factors of g?
3, 269
Let c = 10694 - 1014. What are the prime factors of c?
2, 5, 11
Let k = -354 - -356. Suppose 5*j - 1848 = -3*t, -k*j + 21*t = 22*t - 740. List the prime factors of j.
2, 3, 31
Let u(n) = 29 - 40*n - 6 + 2. Let q(t) = -t. Let w(g) = 3*q(g) + u(g). What are the prime factors of w(-3)?
2, 7, 11
Suppose -2*z = -4*k + 24, -k + 4*z + 24 = 8*z. What are the prime factors of -2 + -3 + 127 + k?
2, 5, 13
Suppose -8*p - 200810 = -51*p. List the prime factors of p.
2, 5, 467
Suppose 0 = 3*f - 5*c - 0*c - 2755, 3*f + 4*c = 2764. Suppose 3*y = -2*y + f. List the prime factors of y.
2, 23
Let w(y) = -2*y**2 - 47*y + 37. Let j be w(-24). Let x(f) = 13*f**2 - 133*f + 3. List the prime factors of x(j).
3, 157
Suppose q + 23 = 3*d, q + 43 = 3*d - 4*q. Suppose -3*i - 6 + 0 = -3*x, -3*i - d = 0. Suppose 5*y - 64 - 1 = x. List the prime factors of y.
13
Let p be 273*2/(-4)*(-10)/(-15). Suppose -4*c - 16 = 0, x - 3*c = -8*c + 141. Let k = x + p. What are the prime factors of k?
2, 5, 7
Let v be (117/(-15) + 7)*5/(-2). Suppose 69 = v*a - 9*g + 14*g, 3*a - 4*g = 92. What are the prime factors of a?
2
Let m = -53 - -51. Let i be 126 - (8/m + 2). Let l = i - 48. List the prime factors of l.
2, 5
Suppose -59 = -11*j - 4. Let g be (13/j - -1)*220/33. Let z = 170 - g. List the prime factors of z.
2, 73
Suppose 5*x = 76 - 351. Let d = 103 + x. Suppose -2*o - d = -4*o. List the prime factors of o.
2, 3
Suppose 3*m - 6 + 12 = 0. Let i be (0*1/m)/(-2 - 1). Suppose -2*r - x - 4*x = -365, -5*r + 2*x + 927 = i. Li